lse
Let r = 55 + 23. Let n be ((-63)/2)/(5/(-10)). Let x = r - n. Is x a prime number?
False
Suppose -2*g = 301 - 1397. Suppose 5*p = -y - g, 7*y - 230 = 2*p + 2*y. Is (p/(-4))/(1/2) composite?
True
Is (-10 - 1 - -9)/(2048525/682845 - 3) composite?
True
Is (12 + -9)*(15 - -2408) prime?
False
Let d = -792 + 769. Let c(q) = -2*q**3 + 12*q**2 + 3*q - 39. Is c(d) a composite number?
True
Suppose 4*n + 17182 = 5*t, 3*n - 5*t - 21500 = 8*n. Is (-15)/(-18) + n/(-12) a composite number?
False
Let y = 15031 - 6390. Is y composite?
False
Suppose 5*h + 1580 = -2395. Let w = h - -4810. Suppose -5*q + w + 950 = 0. Is q composite?
True
Is ((-97)/(42098/(-13457596)))/(-2*(-2)/14) composite?
False
Let d(s) = -s**3 - 4*s**2 - 2*s + 3. Let u be 1*3*(-3 + 2). Let t be d(u). Suppose 2*q = -4*c - t*c + 828, 2118 = 5*q - 2*c. Is q prime?
False
Let z = 16681 + 190. Is z a prime number?
True
Let d(c) be the first derivative of -653*c**2/2 - 8*c + 8. Let r be d(-10). Suppose r = q + 5*q. Is q composite?
False
Suppose -65*d - 874241 = -70*d - 2*k, -k = 11*d - 1923320. Is d composite?
True
Suppose -79 = -4*x - 2*p - 33, 8 = x - 3*p. Is 44914/x + (-27)/297 a composite number?
True
Let w(v) = 3*v**2 + 6*v + 4. Let f(c) = -c**2 + c - 1. Let p(g) = -2*f(g) - w(g). Let j be p(-8). Is ((-10)/20)/(j/(-4)) + 308 composite?
False
Is ((-3114)/(-24))/(-5 - (-2298)/456) composite?
True
Let z(k) = 35*k + 45. Let b = -66 - -173. Let q = 127 - b. Is z(q) a prime number?
False
Suppose -92*z + 114*z - 14012680 = 0. Suppose -z = -10*q - 10*q. Is q prime?
True
Let f(x) = 96*x**2 - 16*x + 49. Let j be 5/((5 + -1)/(5 + -1)). Is f(j) prime?
False
Let c = 70 - 145. Let q = c + 79. Suppose o + 539 = t, -q*o - 1074 = -2*t - 0*o. Is t prime?
True
Suppose -3*h + 7 = 1. Suppose -2*b - 16 = -4*u + h*b, -3*b - 14 = -5*u. Is (0 - 1630)/(-3 + u) composite?
True
Let t(a) = a**3 + 31*a**2 - 6*a - 178. Let d be t(-31). Is 3981 - (-21 + 9 + d) a composite number?
True
Suppose 59533 = 4*f - 27375. Is f a composite number?
False
Is (-1140713)/(-2)*(-30)/(-70) + 35/14 a composite number?
True
Suppose 3*b = 161 - 158. Is (b - -2)*(119072/24 - -13) composite?
False
Let t be 3/6 + 147/6. Suppose -t*k = -23*k - 6. Suppose 2*s + k*y = 2144 - 198, -y - 983 = -s. Is s a prime number?
False
Let d(t) = -3*t**2 - 259*t + 171. Let n be d(-81). Let p(f) = 85*f + 1. Let c be p(-5). Let x = c + n. Is x a composite number?
True
Suppose -6*k = -16*k + 930. Suppose 1316 = 97*s - k*s. Is s composite?
True
Let s be ((-6)/(-9))/((-2)/15). Let a(g) = -62*g + 43. Is a(s) composite?
False
Let c be 18748/12 + 4/6. Let f = c - 1109. Is f prime?
False
Let x(f) = f - 1. Let k(o) = -71*o - 6. Let h(q) = k(q) - 6*x(q). Let u(m) = -17*m + 373. Let t be u(22). Is h(t) composite?
True
Let m(x) = x**3 + 5*x**2 + 4*x - 2. Let n be m(-4). Let y(h) be the second derivative of h**4/2 + h**3/2 + 3*h**2/2 + 187*h. Is y(n) a prime number?
False
Let l = 46 + -43. Suppose -6 = -3*i, l*d + 79679 = 8*d - 3*i. Is d a composite number?
False
Let b = -18522 - -69174. Suppose -5*l + 4058 = -b. Is l composite?
True
Let h(c) = -2*c**3 - 3*c**2 + 2*c - 1. Let m be h(1). Let z be (-6 - -1)*(m + 1228/(-5)). Suppose -2*l = -1706 - z. Is l prime?
False
Suppose 7 + 5 = 3*t. Suppose -3*v + t*p = -v - 4458, -5*p = v - 2257. Is v prime?
True
Suppose 3*t - 14 = -u - 19, 2*t + 2 = 0. Is 113/u*(-21 + 19) a prime number?
True
Let o(h) = -h - 1. Let v(z) = 175*z + 88. Let l(i) = -6*o(i) + v(i). Is l(7) a composite number?
False
Let s = -15208 - -170277. Is s prime?
True
Let a = -558 + 551. Is -8 - (-4 + 547)*a a composite number?
False
Is 679 - (0 + 1) - (15 - (-6 + 20)) a composite number?
False
Let b(d) = d**2 - 10*d - 11. Let u be b(11). Suppose u = -z + 5*s + 2119, -2*z + s = 2*z - 8514. Is z a composite number?
False
Suppose -10*v + 245193 = 20903. Is v/33 - 2/3 prime?
False
Let r(x) = -3*x + 20. Let c be r(5). Suppose 0 = 3*p - c*p + 16. Is 48/12*590/p a composite number?
True
Let c(m) = -m**2 - 30335 + 30335 - 2182*m**3. Is c(-1) a prime number?
False
Suppose 9*b - 343373 = 997168. Is b a composite number?
False
Let k = 538 - 300. Let m be (-10)/(-4)*(1 + 1). Suppose 3*o - m*o = -k. Is o a composite number?
True
Let g(u) = -13*u + 107. Suppose 8*t + 15 = -65. Is g(t) a composite number?
True
Let d be 4/(-16) - (-1660)/(-16). Let q = d - -467. Suppose 3*l = q + 72. Is l a composite number?
True
Let b(q) = 266*q**2 + 67*q - 365. Is b(6) prime?
True
Let x = -117 + 299. Let o be (x/(-6))/((-2)/6). Is (o/3)/((-7)/(-21)) a prime number?
False
Let u = 873581 - 569598. Is u a prime number?
True
Let o(y) = y**3 + 7*y**2 + 4*y - 7. Let c be o(-6). Suppose 3 = -2*p - c, -2*u + p = -50066. Is u a prime number?
True
Suppose 0 = 5*q - 2*q - 5*x + 26, -2 = -q - x. Let h be (-9 - 6)*1844/q. Suppose -4*v = -5*y + 17295, -h = -4*y + v + v. Is y composite?
True
Let q(x) = 194*x**2 - 4*x - 1. Let y be q(-3). Suppose -d + 558 + y = 0. Is d composite?
True
Let z(f) be the first derivative of -1799*f**2 + 37*f + 20. Is z(-3) a composite number?
False
Let l(b) = 2*b**3 + 2*b - 2. Let q be l(1). Suppose -s - 3*k + 1808 = 0, 0*k - q*k = 3*s - 5389. Is s a prime number?
False
Suppose 41 = 6*y + 179. Let i = y + 126. Is i composite?
False
Suppose -3*w = -5*g + 884, w + 2*g + 0*g = -313. Let d = -1177 - -1180. Is 3/d*w*-1 prime?
False
Let b = -10259 - -17434. Let l = b - 1049. Suppose -10*k - 1456 + l = 0. Is k a prime number?
True
Suppose -4 - 21 = -5*b, 0 = -5*m - 3*b - 695. Let f = m - -2475. Is f prime?
True
Suppose 251 = 6*n + 137. Suppose -n*t + 5140 + 176443 = 0. Is t a prime number?
False
Let v(m) be the first derivative of -41*m**2 - 27 - 12 - 38*m - 67*m + 36*m. Is v(-16) composite?
True
Suppose 8 = c + 6. Is c/(-16)*4*-7054 a prime number?
True
Is (-2)/(3/(-1) + (9 - 7475104/1245848)) prime?
True
Let b(x) be the first derivative of -x**4/4 - 4*x**3/3 - 3*x**2/2 + 5*x + 3. Let u be b(-10). Suppose 3*y + 2*y - u = 0. Is y a composite number?
False
Let a be 0/(-3) + (1 - 8). Let y(r) = 15*r**2 - 5*r - 27. Is y(a) a composite number?
False
Let u be 2/(-4)*159/106*(-4)/(-3). Let d(v) = 3 + 0 - 161*v - 1. Is d(u) a prime number?
True
Suppose -21*q + 26*q = -s + 10144973, -5*s = -5*q + 10144985. Is q a prime number?
False
Suppose 3*y = 5*a + 2202, 8*a - 5*a - 2965 = -4*y. Is y a prime number?
True
Let n = 179 - -135. Let k be (99/231)/((-1)/7). Let f = n + k. Is f a composite number?
False
Is (-48)/12 + (2403/18)/(4/2968) a composite number?
False
Let w = 209 + -205. Is w + 1 + 1923 + 4 - 1 prime?
True
Let k(n) = -2*n**3 - 9*n**2 - 2*n - 20. Let s be k(-5). Suppose 2*z = 2*c - 12642, 2*z - 6315 = -16*c + s*c. Is c composite?
True
Let y = 2759 + 502. Let u = -4247 + 4251. Suppose h + y = u*h. Is h composite?
False
Suppose -5*a + 4*g + 344 = 0, -5*a + 0*g + 5*g + 345 = 0. Let r = a - 60. Is -2 + 4 + (r - -159) prime?
False
Suppose 0 = -2*i + 2*m + 58, 4*m - 5*m = -2*i + 60. Let g be 120/20 - (0/1 - -4). Let k = i + g. Is k a prime number?
False
Suppose 4*c + 16 = 0, 3*v = -3*c + 10343 + 20014. Is v a composite number?
True
Let z = 280 + -280. Suppose -7*t + t + 86634 = z. Is t composite?
True
Suppose -4*i - 7*r = -16434, 3*i - 5884 - 6425 = 3*r. Is i prime?
False
Suppose -7*t + 7 + 21 = 0. Suppose 0 = -2*m - t*u - 441 - 17841, -4*m = -4*u + 36600. Let j = 14408 + m. Is j prime?
True
Suppose -10*u + 6*u + 24 = 0. Suppose 0 = -u*g + 18589 + 68567. Suppose -7*t + 11507 = -g. Is t prime?
True
Suppose 0 = 15*g + 9159 - 60624. Suppose 0 = 133*i - 132*i - g. Is i prime?
False
Let x(o) = o**3 + 0 + 2*o**2 + 1 - 2*o**2 + o**2. Let f(s) = 6*s**3 + 6*s**2 + 8*s - 7. Let m(l) = f(l) - 4*x(l). Is m(9) a composite number?
True
Let t = 16382 + -10219. Is t a prime number?
True
Let r(o) = 151*o - 6. Let h be r(2). Let f = -108 + h. Suppose 2*i = -2*d + f, 2*i = -4*d - i + 377. Is d a prime number?
False
Let l = 24381 - 11884. Is l prime?
True
Let v = -6619 + 13040. Is v composite?
False
Let l(y) = 54*y + 704. Let w be l(-13). Let o be -1*1/(1/15). Is (-7749)/o + w - (-6)/15 a prime number?
False
Suppose 296*y - 149*y - 123*y = 11758728. Is y composite?
True
Let i be ((-2)/6)/(14/(-168)). Suppose -3*m = -5*l - 5931, -2*m + 1182 = -i*l + 3*l. Let u = 25 - l. Is u prime?
True
Suppose 0 = -4*q + 4*b + b +